omposite number?
True
Let y = 5 + -6. Let s be (0 + y/2)*(9 + 3). Is 14436/(-8)*s/9 prime?
False
Let m be ((-8)/16)/((-1)/(-4)). Let z(g) = 130*g - 4. Let u be z(m). Let s = -87 - u. Is s composite?
True
Suppose 0 = -2*a - 5*n + 1661986, 2*n = -74*a + 77*a - 2493055. Is a prime?
False
Let r(n) = -n**2 + 12*n + 16. Let z be r(13). Let w be 1/((-2)/3)*(-8)/z. Is w/((-16)/(-6228)) - 4 a prime number?
True
Suppose 105*u - 33*u = -50*u + 31051318. Is u prime?
True
Let w be 0 + ((-6)/(-3) - 2)/(-3). Suppose 5*z - 4327 - 4423 = w. Suppose z = 4*o - 1326. Is o prime?
True
Let s(r) = -r**3 - 12*r**2 - 8*r + 25. Let u be s(-11). Let m(i) = 2*i - 20. Let g be m(11). Is 17*2 - -12*g/u a composite number?
False
Let z = 7090 + -2559. Is z a prime number?
False
Let c(n) = -n**3 - 62*n**2 - 62*n + 38. Let h be c(-52). Let g = -6181 - h. Is g prime?
True
Let h(v) = 2*v**2 - v - 16. Let p be h(-3). Suppose u = -5, -2*l - p*u = -1574 + 121. Is l prime?
True
Let r = 787124 - 558397. Is r composite?
True
Suppose 0 = -5*l - 4*r + 29, -2*l = -l + 5*r - 10. Suppose -a = 5*c - 3, 2*a + 5 = l*c - 4. Is 119 + (-6)/(-3) - (c + 1) prime?
False
Suppose -22*m + 4708863 + 6003443 = 0. Is m a prime number?
True
Suppose -4*m + 41*h + 23208919 = 46*h, 5*m - h = 29011098. Is m prime?
True
Let z be (14/14)/(0 - 1). Let j be (-1)/(3/9*z). Suppose -559 = -j*u + 878. Is u composite?
False
Suppose -33*v + 27*v = -22*v + 665072. Is v prime?
False
Let l(j) be the third derivative of -41*j**4/6 + 5*j**3/6 - 172*j**2. Let h = -7 - -1. Is l(h) composite?
True
Let y = -8 + 8. Suppose 0*d + 2*o = 3*d - 565, d - 5*o - 197 = y. Is d a prime number?
False
Suppose -2*b + 6337 = -5*y, 2*y + y - 12739 = -4*b. Let v = -1032 + b. Is v a composite number?
True
Let v(n) = 89*n**2 + 24*n - 25*n**2 - 5 - 17*n + 14 - 15*n. Suppose o - 3*o - 6 = -4*b, -2*b + 13 = -3*o. Is v(o) composite?
True
Let d = 168663 + -117214. Is d a composite number?
False
Is 97353 + (4116/(-21))/(-14) prime?
True
Let n(l) = 490*l**2 - 67*l + 904. Is n(11) prime?
False
Let p = -838 - -832. Let o be (6/8)/(2/(-8)). Is 543 + p/(-9)*o a prime number?
True
Let z = 3396 - 2875. Is z composite?
False
Suppose 3*v = -3*t + 3651051, 11*t + 2433986 = 13*t - 4*v. Is t a composite number?
False
Suppose -4985380 = -26*z - 48*z. Let s = z + -46699. Is s a composite number?
True
Let b be 4 + 21/(-6) - (-7157)/2. Suppose -5*q - 8056 = -5*h + b, -2*h = -5*q - 4666. Is h a composite number?
True
Suppose 4*d - 3887306 = q, -3*d - 5*q - 158584 = -3074075. Is d composite?
True
Let j = 140670 - -70949. Is j a composite number?
False
Let i be 3/((-81)/(-407193)) - 18/81. Let s = -10679 + i. Suppose 5503 = 5*t + 3*c - c, 0 = -4*t - 2*c + s. Is t a prime number?
False
Let g(m) = 37*m - 1. Suppose -26*h - 4 = -28*h. Suppose -x + 5*x - 56 = -4*c, -h = -c. Is g(x) a composite number?
False
Let l = 21382 + 844. Suppose 316*k - 318*k = -l. Is k composite?
False
Let h(n) = -9*n**2 - 6*n. Let c = -46 + 37. Let p(t) = -18*t**2 - 13*t - 1. Let m(j) = c*h(j) + 4*p(j). Is m(-5) composite?
False
Suppose c - 5*g - 20662 = 20394, -4*c + g = -164186. Let a = -14893 + c. Is a composite?
False
Let h(n) = -118984*n**3 - 91*n**2 - 2*n - 1. Is h(-2) a prime number?
False
Let j(z) be the first derivative of -3*z**2/2 + 554*z + 231. Suppose 2*k + 5*y - 7 + 17 = 0, 3*y + 6 = 4*k. Is j(k) a composite number?
True
Let p(v) = v**2 - 12*v - 25. Let o be p(14). Suppose -2 = -j, j = o*y - 1873 - 1248. Is y composite?
True
Let n be (-1)/(4/16*2). Let m be ((0 + n)/2)/(4/28). Let g(p) = -p**3 + 9*p**2 + 3*p - 12. Is g(m) prime?
True
Let o(c) = 2*c**3 + 216*c**2 + 105*c + 93. Is o(-92) composite?
False
Let c = -20698 - -66131. Is c composite?
False
Let f(n) = 33 - 244*n - 91 - 81. Is f(-27) prime?
True
Suppose -10 = 17*b - 19*b. Suppose -b*y = -96 + 21. Let u = 77 - y. Is u a composite number?
True
Let x be 4/6 + (-101150)/(-15). Suppose 3*n = -b - n + 10983, 0 = 2*b + n - 21994. Suppose -2*q = -3*a - b, -2*q + 2*a = -17748 + x. Is q prime?
True
Let t = 189 + -185. Suppose -f + 27356 = 5*a, t*f = 2*a + 2*a + 109448. Is f a composite number?
False
Suppose 5*u + 19 = -2*h, -17 - 13 = -5*h + 3*u. Let j = 7 - h. Suppose j*i - 1081 = -q, -4*q + 5*q + 1358 = 5*i. Is i composite?
False
Let x(z) = 536*z + 256. Let l(n) = -1. Let j(d) = 2*l(d) - x(d). Is j(-7) prime?
False
Let x(p) = 42*p**2 + 14*p - 115. Let n = -50 + 33. Is x(n) composite?
True
Suppose 48*l - 13886057 = -49*l - 2788578. Is l a prime number?
True
Suppose 631*u - 9029066 = 593*u. Is u a prime number?
True
Let h = -17018 - -32679. Is h a composite number?
False
Let l = 53169 - 29743. Let c = 35833 - l. Is c a prime number?
False
Let p = 3070 + -1829. Suppose -5*s + 7 = -13. Suppose s*a + 69 = p. Is a prime?
True
Suppose 262*z + 276*z - 557*z + 929233 = 0. Is z a composite number?
False
Suppose r = 47831 + 65816. Is r prime?
True
Let y be 6/4 - (-1293)/(-6). Let c = 1612 + -1051. Let h = c + y. Is h a prime number?
True
Suppose 0*s = 18*s + 2*s - 974620. Is s a composite number?
False
Let s(u) = 20*u**2 - 6*u - 1. Let l = 22 - 28. Let r be (-15)/2*(-4)/l. Is s(r) a prime number?
False
Suppose 10*z + 4*j + 324328 = 14*z, -4*z + 324293 = 3*j. Is z composite?
False
Suppose -9*v + 28 = -215. Suppose v*o = -2*o + 57217. Is o composite?
False
Suppose 6*q - 46 = 4*q + 2*w, 5*q - 97 = -4*w. Is 4 - 1 - -42*5194/q composite?
False
Let h = -46399 + 91032. Is h composite?
False
Suppose 0 = -301*j + 302*j + 35. Is (-119056)/j + (-35)/(-25) a composite number?
True
Suppose 12 = -p + 3*y, 4*p - 7 = y - 0*y. Suppose k + j + p*j - 16 = 0, 5*j = k + 20. Let x(h) = h**2 + 2*h + 3017. Is x(k) prime?
False
Suppose 7*d + 30 = 13*d. Suppose -5*i + 7135 = 3*w, 0*i + d*i = w - 2405. Suppose 5*c + 4*c = w. Is c composite?
True
Is 12/52 + 1072528/104 a prime number?
True
Let f = -330770 + 470691. Is f composite?
False
Let k = -67 + 71. Suppose 2*l - 10 = 3*u - 48, -4*u - 5*l + 89 = 0. Suppose -k*q = u, 3*q - 6445 = -5*v + 8*q. Is v a composite number?
True
Let g = -17 - -27. Let a be (-3 - (-75)/g)*8. Let r = a - -23. Is r a prime number?
True
Let h be 52/(-9) + (-20)/90. Let m = 8 + h. Suppose -5*q + 158 = 4*d, 0 = 4*d - m*q - 79 - 65. Is d a composite number?
False
Let t = 162098 - 65277. Is t a composite number?
False
Let v(b) = 2*b**2 - 34*b - 285. Is v(-14) prime?
False
Let n = 106 - 72. Suppose -535952 = -n*o + 85670. Is o a prime number?
False
Let c(p) = -173*p - 116. Let s(w) be the second derivative of -43*w**3/3 - 29*w**2 + 26*w. Let b(h) = 3*c(h) - 5*s(h). Is b(-9) prime?
True
Suppose -3*j = -5027328 - 1179104 - 1403731. Is j composite?
True
Suppose -t - 4*j = -38485, 123*j - 124*j = -4*t + 153957. Is t composite?
True
Suppose 36 = 4*d - 4*o, -2*d - 4*o + 11 + 13 = 0. Let w be d/50 + (-2948)/(-10). Suppose 2*a + 3*a = w. Is a a prime number?
True
Let d be 1 + (2/(2 - 0))/(-1). Suppose d = -34*g + 179575 + 299587. Is g composite?
True
Let u = 2 - 6. Let q be 37/3 + u/(-6). Suppose -1555 - 2436 = -q*l. Is l prime?
True
Let s = -159 - -169. Let a(q) = q**3 - 8*q**2 - 14*q + 14. Is a(s) prime?
False
Suppose g + 0*g - 180 = 0. Let j be 3/12 + g/(-16) + 3. Is 214/(1 + (j/6)/4) prime?
False
Let q(r) be the second derivative of r**5/20 + 5*r**4/3 - 11*r**3/6 - 71*r**2/2 - 122*r. Is q(-14) a prime number?
True
Let f = 94 + -100. Let n(z) = 233*z**2 + 60*z + 11. Is n(f) prime?
True
Is 207727/2 - ((-44)/12 - (-22)/132) prime?
True
Let y(q) be the second derivative of 20*q**4/3 + 7*q**3/3 - 10*q**2 - 157*q. Is y(-9) a composite number?
True
Let b = 3096 - -558. Let o = b + -1715. Is o a prime number?
False
Let j(q) = -q**2 + 5*q - 3. Let v be j(3). Suppose v*r = -19 + 1. Is (4 + r)/(2/(-887)) composite?
False
Let b = -187116 + 475641. Suppose 39*k - b = 24*k. Is k prime?
False
Let k(q) = q**2 - 7*q - 68. Let u be k(13). Suppose -u*o = -38647 - 8383. Is o prime?
True
Let j be 6 + (-4)/3*30/20. Let g(h) = -h**2 + 4*h + 5. Let x be g(4). Suppose -x*l = -9*s + j*s + 7175, 3*l - 12 = 0. Is s composite?
False
Let l = 197509 + -49808. Is l a composite number?
True
Let i(d) = d**3 + 19*d**2 + 19*d - 26. Let l be i(-17). Suppose j = g - 2*j - l, 5*g = 3*j + 1181. Suppose g = 3*w - 71. Is w composite?
False
Let n(a) = a**3 + 4*a**2 - 12*a + 3. Let d = -28 + 22.